{"id":181,"date":"2025-10-31T16:55:46","date_gmt":"2025-10-31T16:55:46","guid":{"rendered":"https:\/\/berrelhas.pt\/berrelhas\/?post_type=aviso&#038;p=181"},"modified":"2025-10-31T16:55:46","modified_gmt":"2025-10-31T16:55:46","slug":"63o-grande-premio-internacional-de-atletismo","status":"publish","type":"aviso","link":"https:\/\/berrelhas.pt\/berrelhas\/en\/aviso\/63o-grande-premio-internacional-de-atletismo\/","title":{"rendered":"63\u00ba. Grande Pr\u00e9mio Internacional de Atletismo."},"content":{"rendered":"<p><strong>A Empresa Berrelhas de Camionagem, Lda informa que:<\/strong><\/p>\n<p>No dia <strong>2 de novembro de 2025<\/strong>, ir\u00e1 decorrer na cidade de Viseu, o<strong>\u00a063\u00ba. Grande Pr\u00e9mio Internacional de Atletismo.<\/strong><\/p>\n<p>A realiza\u00e7\u00e3o deste evento interfere com a circula\u00e7\u00e3o das <strong>linhas C1, C2, 2, 3, 6, 7, 10, 11, 12, 13, 15, 16 e 18<\/strong>\u00a0 de transporte p\u00fablico do MUV, pelo que, durante a realiza\u00e7\u00e3o da prova (9h00-12h00), as referidas linhas ir\u00e3o ser suspensas.<\/p>\n<p>Agradecemos desde j\u00e1 a vossa melhor compreens\u00e3o.<\/p>\n<p>A Ger\u00eancia<\/p>","protected":false},"template":"","meta":{"_acf_changed":false},"class_list":["post-181","aviso","type-aviso","status-publish","hentry"],"acf":[],"_links":{"self":[{"href":"https:\/\/berrelhas.pt\/berrelhas\/en\/wp-json\/wp\/v2\/aviso\/181","targetHints":{"allow":["GET"]}}],"collection":[{"href":"https:\/\/berrelhas.pt\/berrelhas\/en\/wp-json\/wp\/v2\/aviso"}],"about":[{"href":"https:\/\/berrelhas.pt\/berrelhas\/en\/wp-json\/wp\/v2\/types\/aviso"}],"wp:attachment":[{"href":"https:\/\/berrelhas.pt\/berrelhas\/en\/wp-json\/wp\/v2\/media?parent=181"}],"curies":[{"name":"wp","href":"https:\/\/api.w.org\/{rel}","templated":true}]}}

63º. Grande Prémio Internacional de Atletismo.

<p><strong>A Empresa Berrelhas de Camionagem, Lda informa que:</strong></p>
<p>No dia <strong>2 de novembro de 2025</strong>, irá decorrer na cidade de Viseu, o<strong> 63º. Grande Prémio Internacional de Atletismo.</strong></p>
<p>A realização deste evento interfere com a circulação das <strong>linhas C1, C2, 2, 3, 6, 7, 10, 11, 12, 13, 15, 16 e 18</strong>  de transporte público do MUV, pelo que, durante a realização da prova (9h00-12h00), as referidas linhas irão ser suspensas.</p>
<p>Agradecemos desde já a vossa melhor compreensão.</p>
<p>A Gerência</p>
