{"id":182,"date":"2025-11-07T09:49:58","date_gmt":"2025-11-07T09:49:58","guid":{"rendered":"https:\/\/berrelhas.pt\/berrelhas\/?post_type=aviso&#038;p=182"},"modified":"2025-11-07T09:49:58","modified_gmt":"2025-11-07T09:49:58","slug":"desfile-da-latada","status":"publish","type":"aviso","link":"https:\/\/berrelhas.pt\/berrelhas\/en\/aviso\/desfile-da-latada\/","title":{"rendered":"Desfile da Latada"},"content":{"rendered":"<p><strong>A Empresa Berrelhas de Camionagem, Lda informa que:<\/strong><\/p>\n<p>No dia <strong>9 de novembro de 2025<\/strong>, <strong>entre as 13h00 e as 18h30<\/strong>, ir\u00e1 realizar-se na cidade de Viseu, o\u00a0\u201c<strong>Desfile da Latada<\/strong>\u201d.<\/p>\n<p>A realiza\u00e7\u00e3o deste evento afetam a circula\u00e7\u00e3o <strong>de todas as linhas de transporte p\u00fablico MUV<\/strong> <strong>(C1, C2, 1, 2, 3, 5, 6, 7, 13, 14, 17, 19, 20, 21)<\/strong>, \u00a0pelo que, as referidas linhas devem ser <strong>suspensas<\/strong>, durante o per\u00edodo de realiza\u00e7\u00e3o do evento.<\/p>\n<p>Agradecemos desde j\u00e1 a vossa melhor compreens\u00e3o.<\/p>\n<p>A Ger\u00eancia<\/p>\n<p>&nbsp;<\/p>","protected":false},"template":"","meta":{"_acf_changed":false},"class_list":["post-182","aviso","type-aviso","status-publish","hentry"],"acf":[],"_links":{"self":[{"href":"https:\/\/berrelhas.pt\/berrelhas\/en\/wp-json\/wp\/v2\/aviso\/182","targetHints":{"allow":["GET"]}}],"collection":[{"href":"https:\/\/berrelhas.pt\/berrelhas\/en\/wp-json\/wp\/v2\/aviso"}],"about":[{"href":"https:\/\/berrelhas.pt\/berrelhas\/en\/wp-json\/wp\/v2\/types\/aviso"}],"wp:attachment":[{"href":"https:\/\/berrelhas.pt\/berrelhas\/en\/wp-json\/wp\/v2\/media?parent=182"}],"curies":[{"name":"wp","href":"https:\/\/api.w.org\/{rel}","templated":true}]}}

<p><strong>A Empresa Berrelhas de Camionagem, Lda informa que:</strong></p>
<p>No dia <strong>9 de novembro de 2025</strong>, <strong>entre as 13h00 e as 18h30</strong>, irá realizar-se na cidade de Viseu, o “<strong>Desfile da Latada</strong>”.</p>
<p>A realização deste evento afetam a circulação <strong>de todas as linhas de transporte público MUV</strong> <strong>(C1, C2, 1, 2, 3, 5, 6, 7, 13, 14, 17, 19, 20, 21)</strong>,  pelo que, as referidas linhas devem ser <strong>suspensas</strong>, durante o período de realização do evento.</p>
<p>Agradecemos desde já a vossa melhor compreensão.</p>
<p>A Gerência</p>
<p>&nbsp;</p>
