{"id":184,"date":"2025-12-19T08:42:46","date_gmt":"2025-12-19T08:42:46","guid":{"rendered":"https:\/\/berrelhas.pt\/berrelhas\/?post_type=aviso&#038;p=184"},"modified":"2025-12-19T08:42:46","modified_gmt":"2025-12-19T08:42:46","slug":"viseu-xmas-run-2025","status":"publish","type":"aviso","link":"https:\/\/berrelhas.pt\/berrelhas\/en\/aviso\/viseu-xmas-run-2025\/","title":{"rendered":"Viseu Xmas Run 2025"},"content":{"rendered":"<p><strong>A Empresa Berrelhas de Camionagem, Lda informa que:<\/strong><\/p>\n<p>No \u00e2mbito da realiza\u00e7\u00e3o do evento &#8220;Viseu Xmas Run 2025&#8221;, a realizar no <strong>dia 21 de Dezembro de 2025<\/strong>, todas as linhas de transporte p\u00fablico sofreram altera\u00e7\u00f5es\/ suspens\u00e3o nos seguintes per\u00edodos:<\/p>\n<p>A partir das <strong>7:00 at\u00e9 \u00e0s 9:30<\/strong> &#8211; Corte do acesso em frente \u00e0 Camara Municipal de Viseu, havendo desvio do percurso habitual;<\/p>\n<p>Entre as <strong>9:30 e as 12:30<\/strong> haver\u00e1 suspens\u00e3o de todos os servi\u00e7os.<\/p>\n<p>Agradecemos desde j\u00e1 a vossa melhor compreens\u00e3o.<\/p>\n<p>A Ger\u00eancia<\/p>","protected":false},"template":"","meta":{"_acf_changed":false},"class_list":["post-184","aviso","type-aviso","status-publish","hentry"],"acf":[],"_links":{"self":[{"href":"https:\/\/berrelhas.pt\/berrelhas\/en\/wp-json\/wp\/v2\/aviso\/184","targetHints":{"allow":["GET"]}}],"collection":[{"href":"https:\/\/berrelhas.pt\/berrelhas\/en\/wp-json\/wp\/v2\/aviso"}],"about":[{"href":"https:\/\/berrelhas.pt\/berrelhas\/en\/wp-json\/wp\/v2\/types\/aviso"}],"wp:attachment":[{"href":"https:\/\/berrelhas.pt\/berrelhas\/en\/wp-json\/wp\/v2\/media?parent=184"}],"curies":[{"name":"wp","href":"https:\/\/api.w.org\/{rel}","templated":true}]}}

<p><strong>A Empresa Berrelhas de Camionagem, Lda informa que:</strong></p>
<p>No âmbito da realização do evento &#8220;Viseu Xmas Run 2025&#8221;, a realizar no <strong>dia 21 de Dezembro de 2025</strong>, todas as linhas de transporte público sofreram alterações/ suspensão nos seguintes períodos:</p>
<p>A partir das <strong>7:00 até às 9:30</strong> &#8211; Corte do acesso em frente à Camara Municipal de Viseu, havendo desvio do percurso habitual;</p>
<p>Entre as <strong>9:30 e as 12:30</strong> haverá suspensão de todos os serviços.</p>
<p>Agradecemos desde já a vossa melhor compreensão.</p>
<p>A Gerência</p>
