{"id":185,"date":"2025-12-19T17:06:16","date_gmt":"2025-12-19T17:06:16","guid":{"rendered":"https:\/\/berrelhas.pt\/berrelhas\/?post_type=aviso&#038;p=185"},"modified":"2025-12-19T17:06:16","modified_gmt":"2025-12-19T17:06:16","slug":"mundao-terra-natal-edicao-2025","status":"publish","type":"aviso","link":"https:\/\/berrelhas.pt\/berrelhas\/en\/aviso\/mundao-terra-natal-edicao-2025\/","title":{"rendered":"Mund\u00e3o Terra Natal, edi\u00e7\u00e3o 2025"},"content":{"rendered":"<p><strong>A Empresa Berrelhas de Camionagem, Lda informa que:<\/strong><\/p>\n<p>No \u00e2mbito da realiza\u00e7\u00e3o do evento &#8220;Mund\u00e3o Terra Natal, edi\u00e7\u00e3o 2025&#8221;, a realizar no <strong>Largo Dr. G\u00f3is, junto \u00e0 Igreja Paroquial<\/strong>, em Mund\u00e3o, nos dias <strong>19 de dezembro de 2025 das 18h30-02h00, dia 20 de dezembro de 2025, 15h00-02h00 e 21 de dezembro de 2025, 15h00-02h00,<\/strong> haver\u00e1 limita\u00e7\u00f5es \u00e0 circula\u00e7\u00e3o autom\u00f3vel, com corte\/congestionamento de tr\u00e2nsito.<\/p>\n<p>As ruas especificadas para condicionamento de tr\u00e2nsito no hor\u00e1rio indicado\u00a0<strong>afetam a circula\u00e7\u00e3o da linha 7<\/strong> de transporte p\u00fablico do MUV, pelo que esta deve efetuar o desvio pela rua Eng. Pessanha Menezes de forma a evitar o Largo do Cruzeiro.<\/p>\n<p>Agradecemos desde j\u00e1 a vossa melhor compreens\u00e3o.<\/p>\n<p>A Ger\u00eancia<\/p>","protected":false},"template":"","meta":{"_acf_changed":false},"class_list":["post-185","aviso","type-aviso","status-publish","hentry"],"acf":[],"_links":{"self":[{"href":"https:\/\/berrelhas.pt\/berrelhas\/en\/wp-json\/wp\/v2\/aviso\/185","targetHints":{"allow":["GET"]}}],"collection":[{"href":"https:\/\/berrelhas.pt\/berrelhas\/en\/wp-json\/wp\/v2\/aviso"}],"about":[{"href":"https:\/\/berrelhas.pt\/berrelhas\/en\/wp-json\/wp\/v2\/types\/aviso"}],"wp:attachment":[{"href":"https:\/\/berrelhas.pt\/berrelhas\/en\/wp-json\/wp\/v2\/media?parent=185"}],"curies":[{"name":"wp","href":"https:\/\/api.w.org\/{rel}","templated":true}]}}

Mundão Terra Natal, edição 2025

<p><strong>A Empresa Berrelhas de Camionagem, Lda informa que:</strong></p>
<p>No âmbito da realização do evento &#8220;Mundão Terra Natal, edição 2025&#8221;, a realizar no <strong>Largo Dr. Góis, junto à Igreja Paroquial</strong>, em Mundão, nos dias <strong>19 de dezembro de 2025 das 18h30-02h00, dia 20 de dezembro de 2025, 15h00-02h00 e 21 de dezembro de 2025, 15h00-02h00,</strong> haverá limitações à circulação automóvel, com corte/congestionamento de trânsito.</p>
<p>As ruas especificadas para condicionamento de trânsito no horário indicado <strong>afetam a circulação da linha 7</strong> de transporte público do MUV, pelo que esta deve efetuar o desvio pela rua Eng. Pessanha Menezes de forma a evitar o Largo do Cruzeiro.</p>
<p>Agradecemos desde já a vossa melhor compreensão.</p>
<p>A Gerência</p>
