{"id":205,"date":"2026-02-16T16:50:12","date_gmt":"2026-02-16T16:50:12","guid":{"rendered":"https:\/\/berrelhas.pt\/berrelhas\/?post_type=aviso&#038;p=205"},"modified":"2026-02-16T16:51:03","modified_gmt":"2026-02-16T16:51:03","slug":"enterro-do-entrudo-2026","status":"publish","type":"aviso","link":"https:\/\/berrelhas.pt\/berrelhas\/en\/aviso\/enterro-do-entrudo-2026\/","title":{"rendered":"Enterro do entrudo 2026"},"content":{"rendered":"<p><strong>A Empresa Berrelhas de Camionagem, Lda informa que:<\/strong><\/p>\n<p>No \u00e2mbito da realiza\u00e7\u00e3o do evento \u201dEnterro do entrudo 2026\u201d, a decorrer <strong>no dia 17 de fevereiro de 2026, entre as 18h00 e as 20h30<\/strong>,\u00a0informamos que ir\u00e3o\u00a0haver limita\u00e7\u00f5es da circula\u00e7\u00e3o autom\u00f3vel, com corte e \/ou congestionamento de tr\u00e2nsito.<\/p>\n<p>A realiza\u00e7\u00e3o do evento, atendendo \u00e0s condi\u00e7\u00f5es impostas, interfere com a circula\u00e7\u00e3o das <strong>linhas C1, C2, 1, 4, 7, 9, 12, 13, 14, 15, 16, 18, 19, 20 e 21<\/strong>, do transporte p\u00fablico MUV, pelo que vai haver suspens\u00e3o do servi\u00e7o durante o per\u00edodo de realiza\u00e7\u00e3o do evento.<\/p>\n<p>Agradecemos desde j\u00e1 a vossa melhor compreens\u00e3o.<\/p>\n<p>Obrigado<\/p>","protected":false},"template":"","meta":{"_acf_changed":false},"class_list":["post-205","aviso","type-aviso","status-publish","hentry"],"acf":[],"_links":{"self":[{"href":"https:\/\/berrelhas.pt\/berrelhas\/en\/wp-json\/wp\/v2\/aviso\/205","targetHints":{"allow":["GET"]}}],"collection":[{"href":"https:\/\/berrelhas.pt\/berrelhas\/en\/wp-json\/wp\/v2\/aviso"}],"about":[{"href":"https:\/\/berrelhas.pt\/berrelhas\/en\/wp-json\/wp\/v2\/types\/aviso"}],"wp:attachment":[{"href":"https:\/\/berrelhas.pt\/berrelhas\/en\/wp-json\/wp\/v2\/media?parent=205"}],"curies":[{"name":"wp","href":"https:\/\/api.w.org\/{rel}","templated":true}]}}

<p><strong>A Empresa Berrelhas de Camionagem, Lda informa que:</strong></p>
<p>No âmbito da realização do evento ”Enterro do entrudo 2026”, a decorrer <strong>no dia 17 de fevereiro de 2026, entre as 18h00 e as 20h30</strong>, informamos que irão haver limitações da circulação automóvel, com corte e /ou congestionamento de trânsito.</p>
<p>A realização do evento, atendendo às condições impostas, interfere com a circulação das <strong>linhas C1, C2, 1, 4, 7, 9, 12, 13, 14, 15, 16, 18, 19, 20 e 21</strong>, do transporte público MUV, pelo que vai haver suspensão do serviço durante o período de realização do evento.</p>
<p>Agradecemos desde já a vossa melhor compreensão.</p>
<p>Obrigado</p>
