{"id":177,"date":"2025-09-19T16:18:46","date_gmt":"2025-09-19T16:18:46","guid":{"rendered":"https:\/\/berrelhas.pt\/berrelhas\/?post_type=aviso&#038;p=177"},"modified":"2025-09-19T16:20:00","modified_gmt":"2025-09-19T16:20:00","slug":"ocupacao-da-via-publica-junto-ao-mercadona","status":"publish","type":"aviso","link":"https:\/\/berrelhas.pt\/berrelhas\/aviso\/ocupacao-da-via-publica-junto-ao-mercadona\/","title":{"rendered":"Ocupa\u00e7\u00e3o da via p\u00fablica junto ao Mercadona"},"content":{"rendered":"<p><strong>A Empresa Berrelhas de Camionagem, Lda informa que:<\/strong><\/p>\n<p>Ir\u00e1 haver ocupa\u00e7\u00e3o da via p\u00fablica junto ao Mercadona no Bairro de S\u00e3o Jo\u00e3o da Carreira, situado na Estrada Nacional 229 com os seguintes condicionamentos que interferem com a Linha 3 do Transporte P\u00fablico da MUV, podendo provocar atrasos na referida linha.<\/p>\n<p>Paragens temporariamente desativadas:<br \/>\n\u2022 VIS 181- Esculca-Largo S Pedro 1<br \/>\n\u2022 VIS 182 &#8211; Esculca-Largo S Pedro 2<br \/>\n\u2022 VIS 183- Esculca- Rua Capela<br \/>\n\u2022 VIS 184- Esculca-EN229<br \/>\n\u2022 VIS 185- EN229-Esculca<\/p>\n<p>\u2022 Os utilizadores da Paragem <strong>VIS 183- Esculca- Rua Capela e VIS 185- EN229-Esculca<\/strong> dever\u00e3o ser encaminhados para a <strong>VIS 381- EN229-Travass\u00f3s Cima<\/strong><\/p>\n<p>\u2022 Os utilizadores da Paragem <strong>VIS 184 Esculca- Rua Capela<\/strong> dever\u00e3o ser encaminhados para a <strong>VIS 186- Bairro S Jo\u00e3o Carreira<\/strong><\/p>\n<p>\u2022 Os utilizadores da Paragem <strong>VIS 182- Esculca-Largo S Pedro 2<\/strong> dever\u00e3o ser encaminhados para a <strong>VIS 168- Cemit\u00e9rio Esculca 2<\/strong><\/p>\n<p>\u2022 Os utilizadores da Paragem <strong>VIS 181- Esculca-Largo S Pedro 1<\/strong> dever\u00e3o ser encaminhados para a <strong>VIS 167- Cemit\u00e9rio Esculca 1<\/strong><\/p>\n<p>&nbsp;<\/p>\n<p>Agradecemos desde j\u00e1 a vossa melhor compreens\u00e3o.<\/p>\n<p>A Ger\u00eancia<\/p>\n","protected":false},"template":"","meta":{"_acf_changed":false},"class_list":["post-177","aviso","type-aviso","status-publish","hentry"],"acf":[],"_links":{"self":[{"href":"https:\/\/berrelhas.pt\/berrelhas\/wp-json\/wp\/v2\/aviso\/177","targetHints":{"allow":["GET"]}}],"collection":[{"href":"https:\/\/berrelhas.pt\/berrelhas\/wp-json\/wp\/v2\/aviso"}],"about":[{"href":"https:\/\/berrelhas.pt\/berrelhas\/wp-json\/wp\/v2\/types\/aviso"}],"wp:attachment":[{"href":"https:\/\/berrelhas.pt\/berrelhas\/wp-json\/wp\/v2\/media?parent=177"}],"curies":[{"name":"wp","href":"https:\/\/api.w.org\/{rel}","templated":true}]}}

Ocupação da via pública junto ao Mercadona

<p><strong>A Empresa Berrelhas de Camionagem, Lda informa que:</strong></p>
<p>Irá haver ocupação da via pública junto ao Mercadona no Bairro de São João da Carreira, situado na Estrada Nacional 229 com os seguintes condicionamentos que interferem com a Linha 3 do Transporte Público da MUV, podendo provocar atrasos na referida linha.</p>
<p>Paragens temporariamente desativadas:<br />
• VIS 181- Esculca-Largo S Pedro 1<br />
• VIS 182 &#8211; Esculca-Largo S Pedro 2<br />
• VIS 183- Esculca- Rua Capela<br />
• VIS 184- Esculca-EN229<br />
• VIS 185- EN229-Esculca</p>
<p>• Os utilizadores da Paragem <strong>VIS 183- Esculca- Rua Capela e VIS 185- EN229-Esculca</strong> deverão ser encaminhados para a <strong>VIS 381- EN229-Travassós Cima</strong></p>
<p>• Os utilizadores da Paragem <strong>VIS 184 Esculca- Rua Capela</strong> deverão ser encaminhados para a <strong>VIS 186- Bairro S João Carreira</strong></p>
<p>• Os utilizadores da Paragem <strong>VIS 182- Esculca-Largo S Pedro 2</strong> deverão ser encaminhados para a <strong>VIS 168- Cemitério Esculca 2</strong></p>
<p>• Os utilizadores da Paragem <strong>VIS 181- Esculca-Largo S Pedro 1</strong> deverão ser encaminhados para a <strong>VIS 167- Cemitério Esculca 1</strong></p>
<p>&nbsp;</p>
<p>Agradecemos desde já a vossa melhor compreensão.</p>
<p>A Gerência</p>
